{"id":5525,"date":"2015-10-01T09:14:07","date_gmt":"2015-10-01T07:14:07","guid":{"rendered":"http:\/\/www.statssa.gov.za\/?page_id=5525"},"modified":"2015-11-27T15:36:05","modified_gmt":"2015-11-27T13:36:05","slug":"11th-assd-contacts","status":"publish","type":"page","link":"https:\/\/www.statssa.gov.za\/?page_id=5525","title":{"rendered":"11TH ASSD contacts"},"content":{"rendered":"<p><b>1.1.\u00a0\u00a0\u00a0\u00a0\u00a0\u00a0 <\/b>Secr\u00e9tariat ASSD<\/p>\n<p><b>Mme. Nwabisa Maya<\/b><\/p>\n<p>Statistics South Africa<br \/>\nPretoria, South Africa<br \/>\nTel: (+27) <b>12 310 2126<\/b>, \u00a0: (+27) <b>84 631 0168<\/b><\/p>\n<p>E-mail: <a href=\"mailto:nwabisam@statssa.gov.za\">nwabisam@statssa.gov.za<\/a><\/p>\n<p>Fax: (+27) <b>12 310 4878<\/b><\/p>\n<p><a href=\"https:\/\/www.statssa.gov.za\/wp-content\/uploads\/2015\/10\/nwabisa1.png\"><img loading=\"lazy\" decoding=\"async\" class=\"alignnone size-full wp-image-5528\" alt=\"nwabisa\" src=\"https:\/\/www.statssa.gov.za\/wp-content\/uploads\/2015\/10\/nwabisa1.png\" width=\"363\" height=\"258\" srcset=\"https:\/\/www.statssa.gov.za\/wp-content\/uploads\/2015\/10\/nwabisa1.png 363w, https:\/\/www.statssa.gov.za\/wp-content\/uploads\/2015\/10\/nwabisa1-300x213.png 300w, https:\/\/www.statssa.gov.za\/wp-content\/uploads\/2015\/10\/nwabisa1-100x71.png 100w\" sizes=\"auto, (max-width: 363px) 100vw, 363px\" \/><\/a><\/p>\n<p><b>1.1.\u00a0\u00a0\u00a0\u00a0\u00a0\u00a0 <\/b>Coordonnateur du pays h\u00f4te<\/p>\n<p><b>M. NGUEMA Jean Nestor <\/b><\/p>\n<p>Direction G\u00e9n\u00e9rale Adjoint de la Statistique<\/p>\n<p>: (+ 241) <b>07 39 65 83<\/b><\/p>\n<p>E-mail: <a href=\"mailto:nguemamebane@yahoo.fr\">nguemamebane@yahoo.fr<\/a><\/p>\n<p><a href=\"https:\/\/www.statssa.gov.za\/wp-content\/uploads\/2015\/10\/jean1.jpg\"><img loading=\"lazy\" decoding=\"async\" class=\"alignnone size-full wp-image-5529\" alt=\"jean\" src=\"https:\/\/www.statssa.gov.za\/wp-content\/uploads\/2015\/10\/jean1.jpg\" width=\"165\" height=\"156\" srcset=\"https:\/\/www.statssa.gov.za\/wp-content\/uploads\/2015\/10\/jean1.jpg 165w, https:\/\/www.statssa.gov.za\/wp-content\/uploads\/2015\/10\/jean1-100x94.jpg 100w\" sizes=\"auto, (max-width: 165px) 100vw, 165px\" \/><\/a><\/p>\n","protected":false},"excerpt":{"rendered":"<p>1.1.\u00a0\u00a0\u00a0\u00a0\u00a0\u00a0 Secr\u00e9tariat ASSD Mme. Nwabisa Maya Statistics South Africa Pretoria, South Africa Tel: (+27) 12 310 2126, \u00a0: (+27) 84 631 0168 E-mail: nwabisam@statssa.gov.za Fax: (+27) 12 310 4878 1.1.\u00a0\u00a0\u00a0\u00a0\u00a0\u00a0 Coordonnateur du pays h\u00f4te M. NGUEMA Jean Nestor Direction G\u00e9n\u00e9rale Adjoint de la Statistique : (+ 241) 07 39 65 83 E-mail: nguemamebane@yahoo.fr<\/p>\n","protected":false},"author":1,"featured_media":5403,"parent":5386,"menu_order":9,"comment_status":"open","ping_status":"open","template":"assd.php","meta":{"footnotes":""},"class_list":["post-5525","page","type-page","status-publish","has-post-thumbnail","hentry"],"_links":{"self":[{"href":"https:\/\/www.statssa.gov.za\/index.php?rest_route=\/wp\/v2\/pages\/5525","targetHints":{"allow":["GET"]}}],"collection":[{"href":"https:\/\/www.statssa.gov.za\/index.php?rest_route=\/wp\/v2\/pages"}],"about":[{"href":"https:\/\/www.statssa.gov.za\/index.php?rest_route=\/wp\/v2\/types\/page"}],"author":[{"embeddable":true,"href":"https:\/\/www.statssa.gov.za\/index.php?rest_route=\/wp\/v2\/users\/1"}],"replies":[{"embeddable":true,"href":"https:\/\/www.statssa.gov.za\/index.php?rest_route=%2Fwp%2Fv2%2Fcomments&post=5525"}],"version-history":[{"count":4,"href":"https:\/\/www.statssa.gov.za\/index.php?rest_route=\/wp\/v2\/pages\/5525\/revisions"}],"predecessor-version":[{"id":5531,"href":"https:\/\/www.statssa.gov.za\/index.php?rest_route=\/wp\/v2\/pages\/5525\/revisions\/5531"}],"up":[{"embeddable":true,"href":"https:\/\/www.statssa.gov.za\/index.php?rest_route=\/wp\/v2\/pages\/5386"}],"wp:featuredmedia":[{"embeddable":true,"href":"https:\/\/www.statssa.gov.za\/index.php?rest_route=\/wp\/v2\/media\/5403"}],"wp:attachment":[{"href":"https:\/\/www.statssa.gov.za\/index.php?rest_route=%2Fwp%2Fv2%2Fmedia&parent=5525"}],"curies":[{"name":"wp","href":"https:\/\/api.w.org\/{rel}","templated":true}]}}