{"id":2081,"date":"2013-11-27T16:29:38","date_gmt":"2013-11-27T14:29:38","guid":{"rendered":"http:\/\/beta2.statssa.gov.za\/?page_id=2081"},"modified":"2013-12-19T14:02:42","modified_gmt":"2013-12-19T12:02:42","slug":"official-announcement","status":"publish","type":"page","link":"https:\/\/www.statssa.gov.za\/?page_id=2081","title":{"rendered":"Official Announcement"},"content":{"rendered":"<h5>ANNOUNCEMENT (ENGLISH)<\/h5>\n<h4>9<sup>TH<\/sup> AFRICA SYMPOSIUM ON STATISTICAL DEVELOPMENT<\/h4>\n<p>The 9<sup>th<\/sup> installment of the Africa Symposia on Statistical Development will be held as follows:<\/p>\n<p>Theme : <b><i>Promoting Use of Civil Registration and Vital Statistics in Support of Good Governance in Africa<\/i><\/b><\/p>\n<p>Dates : <span style=\"font-size: medium;\">17<\/span><span style=\"font-size: medium;\"><sup>th<\/sup><\/span><span style=\"font-size: medium;\"> to 21<\/span><span style=\"font-size: medium;\"><sup>st<\/sup><\/span><span style=\"font-size: medium;\"> February 2014<\/span><\/p>\n<p>Host Country : Government of the Republic of Botswana<\/p>\n<p>Host Ministries : Ministry of Labour and Home Affairs, Statistics Botswana<\/p>\n<p>Venue : Gaborone International Convention Centre, Gaborone<\/p>\n<p>Critical Dates : <span style=\"font-size: medium;\">10<\/span><span style=\"font-size: medium;\"> January 2014<\/span> \u2013 Closing date for nomination of delegates<\/p>\n<p>Enquiries : ASSD Secretariat \u2013 email <a href=\"mailto:nwabisam@statssa.gov.za\">nwabisam@statssa.gov.za<\/a>, tel. +27 12 310 2126<\/p>\n<div id=\"attachment_2075\" style=\"width: 490px\" class=\"wp-caption alignnone\"><a href=\"https:\/\/www.statssa.gov.za\/wp-content\/uploads\/2013\/11\/gaborone.jpg\"><img loading=\"lazy\" decoding=\"async\" aria-describedby=\"caption-attachment-2075\" class=\"size-full wp-image-2075\" alt=\"GICC, Gaborone, Botswana.\" src=\"https:\/\/www.statssa.gov.za\/wp-content\/uploads\/2013\/11\/gaborone.jpg\" width=\"480\" height=\"272\" srcset=\"https:\/\/www.statssa.gov.za\/wp-content\/uploads\/2013\/11\/gaborone.jpg 480w, https:\/\/www.statssa.gov.za\/wp-content\/uploads\/2013\/11\/gaborone-300x170.jpg 300w, https:\/\/www.statssa.gov.za\/wp-content\/uploads\/2013\/11\/gaborone-100x56.jpg 100w\" sizes=\"auto, (max-width: 480px) 100vw, 480px\" \/><\/a><p id=\"caption-attachment-2075\" class=\"wp-caption-text\">Gaborone International Convention Centre, Botswana<\/p><\/div>\n<h5>ANNONCE (FRAN\u00c7AIS)<\/h5>\n<p>9\u00e8me SYMPOSIUM AFRICAIN POUR LE DEVELOPPEMENT DE LA STATISTIQUE<\/p>\n<p>Le 9\u00e8me Edition duSymposium pour le d\u00e9veloppement de la statistiqueen Afrique se tiendra comme suit:<\/p>\n<p>Th\u00e8me <b>:<em>Promotion de l&#8217;utilisationde l\u2019enregistrement des faits et des statistiques d\u2019\u00e9tat civil e<\/em><\/b><em><b>n <\/b><b>appui <\/b><b>\u00e0<\/b><b> la bonne gouvernanceen Afrique<\/b><\/em><\/p>\n<p>Dates : <span style=\"font-size: medium;\">du 17 <\/span><span style=\"font-size: medium;\">\u00e0<\/span><span style=\"font-size: medium;\"> 21<\/span><span style=\"font-size: medium;\"> f<\/span><span style=\"font-size: medium;\">\u00e9<\/span><span style=\"font-size: medium;\">vrier 2014<\/span><\/p>\n<p>Paysh\u00f4te :Gouvernement de la R\u00e9publiquedu Botswana<\/p>\n<p>Minist\u00e8res h\u00f4tes : Minist\u00e8re du Travail etde l\u2019int\u00e9rieur Institut National de la statistique de Botswana<\/p>\n<p>Lieu : GaboroneInternational Convention Centre,Gaborone<\/p>\n<p>Dates : <span style=\"font-size: medium;\">10 janvier 2014<\/span> -Datelimite de confirmation des d\u00e9l\u00e9gu\u00e9s<\/p>\n<p>Renseignements : Secr\u00e9tariat SADS\u2013email <a href=\"mailto:nwabisam@statssa.gov.za\">nwabisam@statssa.gov.za<\/a>, T\u00e9l. +27 12 3102 126<\/p>\n","protected":false},"excerpt":{"rendered":"<p>ANNOUNCEMENT (ENGLISH) 9TH AFRICA SYMPOSIUM ON STATISTICAL DEVELOPMENT The 9th installment of the Africa Symposia on Statistical Development will be held as follows: Theme : Promoting Use of Civil Registration and Vital Statistics in Support of Good Governance in Africa Dates : 17th to 21st February 2014 Host Country : Government of the Republic of&nbsp; &nbsp;<a href=\"https:\/\/www.statssa.gov.za\/?page_id=2081\" class=\"btn btn-mini btn-info pull-right\" style=\"margin:10px 30px;\">read more &raquo;<\/a><\/p>\n<div class=\"clear\"><\/div>\n","protected":false},"author":1,"featured_media":2079,"parent":2041,"menu_order":0,"comment_status":"open","ping_status":"open","template":"assd.php","meta":{"footnotes":""},"class_list":["post-2081","page","type-page","status-publish","has-post-thumbnail","hentry"],"_links":{"self":[{"href":"https:\/\/www.statssa.gov.za\/index.php?rest_route=\/wp\/v2\/pages\/2081","targetHints":{"allow":["GET"]}}],"collection":[{"href":"https:\/\/www.statssa.gov.za\/index.php?rest_route=\/wp\/v2\/pages"}],"about":[{"href":"https:\/\/www.statssa.gov.za\/index.php?rest_route=\/wp\/v2\/types\/page"}],"author":[{"embeddable":true,"href":"https:\/\/www.statssa.gov.za\/index.php?rest_route=\/wp\/v2\/users\/1"}],"replies":[{"embeddable":true,"href":"https:\/\/www.statssa.gov.za\/index.php?rest_route=%2Fwp%2Fv2%2Fcomments&post=2081"}],"version-history":[{"count":7,"href":"https:\/\/www.statssa.gov.za\/index.php?rest_route=\/wp\/v2\/pages\/2081\/revisions"}],"predecessor-version":[{"id":2255,"href":"https:\/\/www.statssa.gov.za\/index.php?rest_route=\/wp\/v2\/pages\/2081\/revisions\/2255"}],"up":[{"embeddable":true,"href":"https:\/\/www.statssa.gov.za\/index.php?rest_route=\/wp\/v2\/pages\/2041"}],"wp:featuredmedia":[{"embeddable":true,"href":"https:\/\/www.statssa.gov.za\/index.php?rest_route=\/wp\/v2\/media\/2079"}],"wp:attachment":[{"href":"https:\/\/www.statssa.gov.za\/index.php?rest_route=%2Fwp%2Fv2%2Fmedia&parent=2081"}],"curies":[{"name":"wp","href":"https:\/\/api.w.org\/{rel}","templated":true}]}}